st the prime factors of m.
2, 7
Suppose -3*w - 16 = 5*j, 6*w + 33 = w - 2*j. Let c(k) = -3*k - 15. List the prime factors of c(w).
2, 3
Suppose 2*x + 18 = s, -2*s = -x - 4*x - 45. Let z = x + 37. List the prime factors of z.
2, 7
Let t(p) = -p**3 + 2*p**2 - 3*p + 3. Let y = 0 + 2. Let h be t(y). List the prime factors of 5*h*(-6)/9.
2, 5
Let c(g) = -g**2 + 7*g - 6. Let r(i) = 5*i. Let x be r(1). Let h be c(x). Suppose -2*u = -0*u - h. List the prime factors of u.
2
Let o(x) = -x**2 - 4*x + 8. Let b be o(-6). Let v = 9 + b. What are the prime factors of v?
5
List the prime factors of (4 - 66)*(-3)/6.
31
Let c = 85 + -50. Let g = c - 21. What are the prime factors of g?
2, 7
Suppose -2*c + 0 + 14 = -4*v, -5*v + c = 10. List the prime factors of (-21)/v + (-3 - -3).
3, 7
Let k(y) = y**2 + 7*y. Let u be k(-5). Let v(d) = 6 - 5*d + 2*d - 5*d - 2*d - d**2. List the prime factors of v(u).
2, 3
Let m(j) = -2*j - 6. Let b be m(-4). Let n = 37 - 4. Suppose b*v + n = 5*v. What are the prime factors of v?
11
Suppose -2*n - 116 - 232 = -y, 3*n - 1740 = -5*y. What are the prime factors of y?
2, 3, 29
Let f(n) = -n**2 - 10*n + 8. List the prime factors of f(-7).
29
Suppose 0 = r - 3*r. Suppose r = -2*z - 4*u, 5*z + 2*u + 0*u - 32 = 0. What are the prime factors of z?
2
Let n(o) = -o**2 + 5*o + 3. Let y be n(4). Suppose u - y = -3. What are the prime factors of u?
2
Let v(x) = -x**2 + 7*x. Let r = -7 - -8. Let b be 2/r + -4 + 8. What are the prime factors of v(b)?
2, 3
Let i(b) = 100*b**2 - 2*b - 2. What are the prime factors of i(-1)?
2, 5
Suppose -5*b - 2*a - 78 = -554, 2*b + 2*a - 188 = 0. What are the prime factors of b?
2, 3
Let i = 2 - -3. Let k(g) = -g**3 + g**2 - 12*g + 4. Let f(y) = -y**3 + 2*y**2 - 11*y + 4. Let m(t) = -5*f(t) + 4*k(t). List the prime factors of m(i).
2, 3
Suppose 5*f = 2*f + 9. Suppose -f = -4*b + 9. Suppose -5*n + 110 = 5*l, -4*n + b*n = -5*l + 80. What are the prime factors of l?
17
Suppose 3*u - 5*u - 4 = 0. What are the prime factors of 1 + 1 - 24/u?
2, 7
What are the prime factors of 5*(-2)/(-10) - -17?
2, 3
Let w(s) = 5*s**2 + 1. Let n be w(1). Let l = n - 9. List the prime factors of (-9)/(-3) - -3 - l.
3
Let v = 14 - -4. What are the prime factors of v?
2, 3
Let s(n) = -4 + 0 - 10 + 14*n - n**2. List the prime factors of s(11).
19
Let d(h) = 14*h**3 - 1. Let x be d(1). Let g = 32 - x. What are the prime factors of g?
19
Suppose 201 = -5*v - 14. Let p = v + 64. Suppose p = 3*b - 18. List the prime factors of b.
13
Let k(a) be the second derivative of -a**3/6 - a**2/2 - a. What are the prime factors of k(-9)?
2
Suppose 10*t - 159 = 7*t. What are the prime factors of t?
53
Suppose -b + 12 = -42. What are the prime factors of b?
2, 3
Let p(i) = i + 1. Let c(u) = 2*u**2 - 12*u - 13. Let o(q) = c(q) + 6*p(q). Let g be (-63)/(-13) - 12/(-78). List the prime factors of o(g).
13
Let v(z) = z**3 + 9*z**2 - 4*z. What are the prime factors of v(-9)?
2, 3
Suppose -24 = -o + 4*o. Let h be (o/(-5))/((-2)/10). Let w = h + 12. List the prime factors of w.
2
Suppose -2*l - 9 = l - 4*k, -5*k = 5*l - 20. Suppose -t + l = 5. What are the prime factors of (t/(-1))/((-6)/(-15))?
2, 5
Suppose 0 = -3*v - 29 + 11. Let w(f) = f**3 + 5*f**2 - 8*f + 3. What are the prime factors of w(v)?
3, 5
Suppose -2*g + 10 = 3*y - 3*g, 0 = -5*y - g + 30. Let n(i) = 2*i**2 - 7*i - 2. What are the prime factors of n(y)?
13
Suppose 4*f - 8 - 8 = 0. Let y = f + -2. Suppose -4*s - y*b = -22, -3*s + 2*b = -0*s + 1. What are the prime factors of s?
3
Let s(z) = 10*z + 0 + 2 + z**2 - 8 - 2*z**2. What are the prime factors of s(7)?
3, 5
Let b = 40 + -12. Let j = b - 17. Let h = -2 + j. List the prime factors of h.
3
Suppose -5*s + 950 = -4*b, 2*b = -2*s - 3*s + 980. List the prime factors of s.
2, 97
Let w(g) be the second derivative of -1/6*g**3 + 0 - 1/12*g**4 + 7*g**2 + 4*g. List the prime factors of w(0).
2, 7
Suppose -2*y = -6*y + 24. Suppose 5*k - 4 = y. List the prime factors of (k/(-3))/((-1)/3).
2
Suppose -t = -6*t + 80. List the prime factors of t.
2
Let n = -7 - -9. Let a = n + 3. What are the prime factors of a?
5
Let l be 1/((-9)/15)*3. Let b(y) = 3*y - 5. Let z(d) = -3*d + 4. Let a(s) = l*z(s) - 4*b(s). What are the prime factors of a(1)?
3
Suppose -2*y + 4*t + 4 = 0, 5*y - 4*t - 10 = -t. Suppose -4*x - y = -10. List the prime factors of x.
2
Suppose -4*t + r + 8 = 3*r, 5*t + 3*r = 8. Suppose 0*j - j = -2*z + 6, -5*z + t*j = -15. List the prime factors of z.
3
Suppose 2*m + 2*m = 2*z - 18, -5*m = 2*z + 45. What are the prime factors of (-1)/(((-14)/(-32))/m)?
2
Let d(q) be the second derivative of -q**4/12 - 3*q**3/2 - 5*q**2/2 + q. Let m(n) = -n**3 + 3*n**2 + 4*n - 7. Let a be m(4). What are the prime factors of d(a)?
3
Let p be (-10)/(-4)*(-1 - 1). Let c = 1 - p. List the prime factors of c.
2, 3
Let k(r) = -r**3 - 6*r**2 - 5*r + 4. Suppose 7 = -w - 1. Let f = w + 3. What are the prime factors of k(f)?
2
Let o be 2*((3 - -15) + 1). What are the prime factors of (o/(-8))/(13/(-52))?
19
Let h be 28/12 - 2/(-3). What are the prime factors of (h - 2)/(2/8)?
2
Let w(b) = b + 18. Let c be w(-11). Let u(z) = -z**2 + 9*z + 5. List the prime factors of u(c).
19
Let b be 1842/21 + 2/7. List the prime factors of (-16)/b - 180/(-22).
2
Let n(j) = 12*j - 5. Let y be n(-6). Let b = -26 - y. List the prime factors of b.
3, 17
Let b = -27 + 32. List the prime factors of b.
5
Suppose w - 6*w - 240 = -4*o, 3*w - 43 = -o. List the prime factors of o.
5, 11
List the prime factors of ((-402)/2)/(-4 - -3) - -2.
7, 29
Suppose -14 + 4 = 5*b. What are the prime factors of 3/b*86/(-3)?
43
Let s = 7 + -1. Suppose s*q = 4*q + 6. List the prime factors of q.
3
Let a(m) = 4*m - 13. Let l be a(7). Let g = -26 + 16. Let v = l + g. List the prime factors of v.
5
Let g = -6 - -6. Suppose 4*h + 0*h - 140 = g. What are the prime factors of h?
5, 7
Suppose -2*d = -5*j + 6, -5*j = -2*d + d - 3. Let o(p) = -2*p**3 - 2*p - 2. Let b be o(d). Suppose -18 = 5*q - b. List the prime factors of q.
2
Let z be ((-8)/4)/(-2)*2. Suppose -3*h = k - 41, 39 = -z*h + 4*h + 3*k. What are the prime factors of h?
2, 3
Suppose 0 = -b + v + 75, b - 87 = -0*b + 4*v. List the prime factors of b.
71
Let b(w) = -2*w + 13. What are the prime factors of b(-8)?
29
Suppose 8*o = o + 343. What are the prime factors of o?
7
What are the prime factors of (-1)/((-2)/30) + 3?
2, 3
Let m be (-25)/6 - (-3)/18. What are the prime factors of 2 - (m + (-4)/(-2))?
2
Let c(h) = 3*h**2 + 4*h. Suppose 0 = 4*l - 9*l + j - 16, 2*l - j + 7 = 0. List the prime factors of c(l).
3, 5
List the prime factors of 156/3 - 8/(-2).
2, 7
Let a be 4/14 - 10/(-14). Let h = -4 - -3. List the prime factors of (9 - -1) + a - h.
2, 3
What are the prime factors of 0/(-3) - (1 + -207 + 4)?
2, 101
Let z = -10 - -22. List the prime factors of (-4)/(z/3 + -6).
2
List the prime factors of ((-1904)/(-21) - (-2)/(-3)) + 0.
2, 3, 5
Let h be (2 - -2)*(-6)/(-8). Suppose 12 = 4*v, -h*i - 3*v + 36 = 2*v. Suppose -28 = 3*m - i*m. List the prime factors of m.
7
Let d = 20 + -10. Let y = -5 + d. Suppose y*k = 11 + 9. List the prime factors of k.
2
Suppose -4*x = 2*r - 170, r = -5*x - 0*r + 214. What are the prime factors of x?
43
Suppose -186 - 378 = -3*d. What are the prime factors of d?
2, 47
What are the prime factors of 236/(-2)*(-6)/12?
59
Let g be 15/(-10)*(-4)/3. Suppose 1 = o, 4*o = -4*i + o + 11. Let c = g + i. What are the prime factors of c?
2
Suppose 2*u = -3*s + 195, -4*s + 206 + 54 = 3*u. What are the prime factors of s?
5, 13
Suppose 0 = 4*v + 1 + 11, 5*x + 2*v = -51. Let l = x + 30. List the prime factors of l.
3, 7
Let l = -5 + 3. Let p = 10 + l. Let f = -5 + p. List the prime factors of f.
3
Suppose -6*h + 2*h = -3*m + 12, -2*h + 12 = 3*m. Suppose -m*v - 156 = -8*v. List the prime factors of v.
3, 13
Suppose 0 = 2*w - 2*o + 8, -2*w = 3*w + 5*o - 20. Let t be ((-2)/(-5))/((-9)/(-135)). Let x = w + t. List the prime factors of x.
2, 3
Suppose -5 = -j + 1. Suppose 4*o - j*o = 12. What are the prime factors of (0 + o)/((-2)/3)?
3
Let t = 11 - 8. Suppose 4*k = -5 + 25, 5*i + 2*k = 30. Suppose -z = -t - i. List the prime factors of z.
7
Suppose 2*d + 37 = -d + l, d - l + 15 = 0. Let h be ((-4)/(-6))/((-1)/12). Let s = h - d. List the prime factors of s.
3
